of u.
31
Let k be 2/(-2) - (-2 - (0 - -2)). Suppose -k*y - 611 = 4*n, 4*y - 170 = n - y. Let m = 275 + n. What are the prime factors of m?
2, 3, 5
Suppose 4*m + 3*m = 28. Suppose -4*v + 855 = -m*n - 405, -2*v + 635 = -n. What are the prime factors of v?
2, 5
Let z = -64 + 64. Suppose -4*k - r + 636 = z, 4*r + 208 + 128 = 2*k. What are the prime factors of ((-45)/(-20))/(3/k)?
2, 3, 5
Suppose 0 = -13*j + 24*j + 3872. Let h = 739 + j. What are the prime factors of h?
3, 43
Let a = -2235 + 11544. What are the prime factors of a?
3, 29, 107
Let x be (-32)/(-10)*1980/18. Let y = x + -296. What are the prime factors of y?
2, 7
Suppose -m + 2*m - 2 = 0. Let w be (-5)/4 - 230/(-184). Suppose w = -m*d + d + 93. List the prime factors of d.
3, 31
Suppose -4*u + 61 = t, 13*u - 17*u + 8 = 0. Suppose t*x + 1680 = 59*x. What are the prime factors of x?
2, 5, 7
Suppose -322 = -r + 289. Suppose z + 2*h - 616 = 4*h, z + 3*h = r. List the prime factors of z.
2, 307
Let j(c) = -58*c**3 + 2*c**2 + 2*c - 2. Let o be 2 - 3/(-24)*-2*12. What are the prime factors of j(o)?
2, 7
Let a be (1/3)/((3 + 2)/(-1455)). Let y = 799 + a. List the prime factors of y.
2, 3, 13
Let l(j) = -j**3 - 2*j**2 + 6. Let g be l(0). Suppose -5*n = -4*x - g*n + 17, 0 = 3*x + 5*n - 17. Suppose -x*h + 48 = -0*h. What are the prime factors of h?
2, 3
Suppose 0 = -12*m + 3740 + 3088. What are the prime factors of m?
569
Let i be (-601)/(-7) + (-93)/(-651). Suppose 4*l + 3 - 23 = 0. Suppose s - l*t + 22 = i, -3*s = 4*t - 173. List the prime factors of s.
59
Let a = 457 - 452. Suppose 3*l = i - 24, 0 = -7*l + 8*l + a. List the prime factors of i.
3
Let n = 162 + -96. Suppose -4*r + n = -658. What are the prime factors of r?
181
What are the prime factors of 144/8 - (-10752 - -36)?
2, 3, 1789
List the prime factors of (6/(288/(-113784)))/(1/(-4)).
2, 11, 431
Suppose -z + 6*z = -4*c + 9, 0 = -c - 4. Suppose 269 = t - h, 1341 = 5*t + z*h - 9*h. List the prime factors of t.
5, 53
Let q = 4878 + -22. What are the prime factors of q?
2, 607
Let g(i) = 62*i - 25. Let y(r) = -63*r + 24. Let o(f) = 4*g(f) + 3*y(f). Let h be o(8). Suppose 0*d + h = 6*d. List the prime factors of d.
2, 37
Let u(j) = 2*j**2 - 2*j - 2. Let y = -12 + 11. Let o be u(y). Suppose -o*c - 170 = -7*c. What are the prime factors of c?
2, 17
List the prime factors of 390907/37 + (-80)/1480.
5, 2113
List the prime factors of 6 - (-28588)/3 - 2/(-12)*-2.
5, 1907
Let t be (11*(-2)/5)/(2/(-5)). Suppose -t = g - 3. Let n = 92 + g. What are the prime factors of n?
2, 3, 7
Suppose -128 = 4*w + 124. Let h = -73 - w. List the prime factors of 9408/80 - (4/h + 1).
3, 13
Let w(h) = -4*h**2 - 8*h + 23. Let n(a) = 9*a**2 + 20*a - 45. Let v(q) = 6*n(q) + 13*w(q). What are the prime factors of v(17)?
3, 293
Suppose 7*g = -1 + 50. Suppose g*j + 619 = 7934. List the prime factors of j.
5, 11, 19
Let b = -546 - -653. List the prime factors of (3 - b)*65/(-52).
2, 5, 13
Let c(y) be the third derivative of y**6/120 + 7*y**5/30 + y**4 + 5*y**3/2 - y**2. Let u be 1/7 - -170*6/(-84). List the prime factors of c(u).
3, 5
Suppose 296 = 9*y + 62. Suppose 550 = -o + y*o. List the prime factors of o.
2, 11
Let s = -43 + 57. Let y = 18 - s. Suppose -l = -y*l + 165. List the prime factors of l.
5, 11
Let k(b) = -b**3 - b**2 + 1. Let v be k(-3). Suppose -68 = 31*p - 32*p. Suppose -v = -3*w + 2*d + 32, 4*w - p = -3*d. List the prime factors of w.
17
Let s(h) = 1827*h - 450. What are the prime factors of s(1)?
3, 17
Suppose 5*b = k + 68730 + 37723, 4*b + 5*k - 85116 = 0. List the prime factors of b.
61, 349
Let w = 16423 + -10950. What are the prime factors of w?
13, 421
Let c be (-188)/94 + 8/(2/1). Let u(f) = -8*f**2 + 2*f + 1. Let n be u(-1). List the prime factors of 180 + (n - -4 - (-2)/c).
2, 11
Suppose -3*p - 87 + 84 = 0. What are the prime factors of (-11)/(-44)*535 - p/4?
2, 67
Let v(m) = 295*m**2 - 154*m + 890. List the prime factors of v(6).
2, 67, 79
Let z be (14 + -2)*2/(-4). Suppose 10*r + 37 = 117. What are the prime factors of (-2 - r/z)/(1/(-96))?
2
Suppose 11*l - 19186 = 2088. Suppose -2444*t + 2442*t + l = 0. List the prime factors of t.
967
Let g be 8375/65 + (-2)/(-13). Suppose -g + 2691 = 6*i. What are the prime factors of i?
7, 61
Let i(t) = 6*t**2 - 57*t + 11. List the prime factors of i(34).
5009
Suppose 5*v - 667 = 2*f - 14599, -3*v - 18 = 0. What are the prime factors of f?
3, 7, 331
Let k be (-669)/2 - (-36)/72. Let s = 575 + k. List the prime factors of s.
241
Suppose 5 = -v + 8. Let s(j) = -4*j**3 + 2*j**3 + 0*j**v - 4 + 3*j**3 - 2*j. List the prime factors of s(5).
3, 37
Let a = -21 + 26. Suppose a*b - 24 - 16 = 0. Let j(u) = 2*u**2 - 8. What are the prime factors of j(b)?
2, 3, 5
Let t be 1*(-7 - 502)*3. Let q = 2878 + t. List the prime factors of q.
7, 193
Suppose -31 = 11*v + 90. List the prime factors of (v/((-99)/210))/(8/300).
5, 7
Suppose -16*a + 12*a = -6*a + 23442. What are the prime factors of a?
3, 3907
Let j = 79 + -50. Suppose -j*r + 28*r = -2. What are the prime factors of (-1)/r*-14*1320/84?
2, 5, 11
Let x = 8018 + 11885. What are the prime factors of x?
13, 1531
Suppose 404651 = 138*f - 121*f. What are the prime factors of f?
13, 1831
Let i = -184556 + 265580. What are the prime factors of i?
2, 3, 211
Let w(i) = i**2 - 6*i + 10. Let y be w(4). Suppose 49*b - 50*b = y. What are the prime factors of (-2)/(-9) - 15824/(-72) - b?
2, 3, 37
Let z(o) = 5*o**2 - 54*o - 2. Let q be z(11). Suppose 3*j = -3*f + 684, -2*j + 440 = 2*f - 4*j. Suppose 0 = -5*i + q*i - f. List the prime factors of i.
2, 7
Suppose -4*j - 4*z + 42056 = 0, -2*j = 3*z + 2932 - 23963. List the prime factors of j.
23, 457
Let j(w) be the third derivative of 27*w**5/20 - 11*w**3/6 - 16*w**2. List the prime factors of j(3).
2, 359
Let h(u) be the third derivative of 3*u**4/8 + 5*u**3 - 8*u**2. Let x be h(-12). Let y = x - -162. What are the prime factors of y?
2, 3, 7
Suppose 2*g - 64296 = -3*l, 2*l = 5*g - 40690 - 120088. What are the prime factors of g?
2, 3, 23, 233
Suppose -5*d = 43 - 53. List the prime factors of (3/d)/(15/1760).
2, 11
Suppose 4*x = 5*f - 0*x - 13216, 5 = 5*x. What are the prime factors of f?
2, 661
Suppose -c - 270 = 184. Let a = 704 + c. List the prime factors of a.
2, 5
Let y(i) = -49*i**3 - 5*i**2 - 5*i. Let z be 10*12/30 - 6. What are the prime factors of y(z)?
2, 191
Suppose 20*t + 52 = 12. What are the prime factors of (-38)/(t*2/20*5)?
2, 19
Let r(m) = -44*m**3 - 18*m**2 + 18*m + 65. What are the prime factors of r(-6)?
7, 1259
Let n be ((-2)/3)/((-10)/(-375)) + 1. List the prime factors of n/420*-20120 - 2/(-7).
2, 5, 23
Suppose -2*t + 8*t + 4056 = 0. Let j be (t/(-6))/((-9)/(-54)). Suppose -5*w = -j - 219. List the prime factors of w.
179
Suppose -4*i + 7951 = -3*i + 2*p, 0 = -4*i + 2*p + 31824. What are the prime factors of i?
5, 37, 43
Let b be (-3)/((-3)/48*38 + 2). Let y = 12 - b. Suppose v - 2*v + 42 = -r, y*v = -3*r + 133. What are the prime factors of v?
37
Suppose -5*d = 5*u - 117065, 0 = 5*d - 4*u - 185873 + 68790. List the prime factors of d.
3, 5, 7, 223
Let b(n) be the second derivative of -16*n + 5*n**2 - 5/3*n**3 + 1/12*n**4 + 0. What are the prime factors of b(10)?
2, 5
Let c = -18783 - -44462. What are the prime factors of c?
25679
Suppose -5*y = -20, -q - 3*y - 11 = -5*y. Let i be 69/(-24) - q - (-158)/16. What are the prime factors of (-1)/(-5) - (-598)/i?
2, 3, 5
Suppose 13*a - a - 4*n = 458716, 0 = -4*a - n + 152896. List the prime factors of a.
5, 11, 139
Suppose -3*s - 2*x = -0*x - 656, -2*s = 4*x - 424. Let r be 5/2*s/5. Let c = -57 + r. List the prime factors of c.
2, 3
Suppose 32 + 4 = -2*s. Let h = 42 - s. What are the prime factors of (288/h)/((-2)/(-10))?
2, 3
Suppose 17*x = 101350 + 15015. List the prime factors of x.
5, 37
Let q = -2117 - -4528. List the prime factors of q.
2411
Let p(l) = l**2 - 5 + 0*l**2 + 0*l**2 + 5*l. Let s be p(-5). List the prime factors of -7 + 5 + (0 - s).
3
Let b(u) = 169*u**2 - 55*u + 20. What are the prime factors of b(7)?
2, 1979
Let n(j) = -14 - 21*j - 3*j - 42*j. Suppose r - 7 = 3*c + 2, -3*r = 4*c + 12. What are the prime factors of n(c)?
2, 23
Let x be 3792/126 - 2/21. Suppose -33*f = -x*f - 1938. List the prime factors of f.
2, 17, 19
Suppose 142*s - 204235 = 